-6).
21
Let x(k) = 3*k**3 + 127*k**2 + 3085*k + 127811. What is x(-42)?
5
Let r(m) = 5*m**2 - 23*m - 2006. Determine r(-20).
454
Let z(n) = -3400*n + 30697. Calculate z(9).
97
Let g(m) = m**3 - 76*m**2 + 1372*m - 420. What is g(47)?
3
Let h(r) = 607*r - 30692. Calculate h(50).
-342
Let q(b) = 6*b**2 - 134*b - 10. Calculate q(8).
-698
Let w(b) = 5478*b + 121319. Give w(-22).
803
Let x(c) = 543*c - 189819. Calculate x(348).
-855
Let a(h) = 86*h**2 - 624*h - 564. Determine a(8).
-52
Let x(o) = 2891*o + 5764. Determine x(-2).
-18
Let m(h) = -57487*h + 574907. Give m(10).
37
Let y(d) = -53*d**2 + 18226*d - 16128. What is y(343)?
-7
Let h(c) = -66344*c - 199031. What is h(-3)?
1
Let g(v) = 30734*v - 123011. Give g(4).
-75
Let r(m) = 10*m**2 + 1016*m + 501. Give r(-101).
-105
Let h(x) = -70*x**2 - 7150*x - 994. Give h(-102).
26
Let l(j) = -3*j**2 + 5247*j + 10511. Determine l(-2).
5
Let f(l) = -8271*l + 66182. What is f(8)?
14
Let a(r) = -14094*r - 267795. What is a(-19)?
-9
Let j(s) = -s**3 - 86*s**2 - 1095*s + 1754. Calculate j(-70).
4
Let k(g) = -10*g**2 + 115*g + 5554. What is k(30)?
4
Let i(v) = -1334*v - 93396. What is i(-70)?
-16
Let y(k) = 23243*k - 813508. Calculate y(35).
-3
Let z(f) = -214321*f - 1928624. Calculate z(-9).
265
Let g(c) = 717*c + 91052. What is g(-127)?
-7
Let h(y) = 2*y**3 - 97*y**2 + 155*y + 128. Give h(47).
786
Let p(w) = -w**2 - 76*w + 22659. What is p(117)?
78
Let u(o) = -23942*o - 23588. Give u(-1).
354
Let f(x) = 260832*x - 1825815. Determine f(7).
9
Let a(n) = -16*n**2 - 831*n + 328. Give a(-53).
-573
Let v(a) = -2*a**2 + 186*a - 68. Give v(89).
644
Let h(b) = -776*b**2 + 162*b + 162. Calculate h(-1).
-776
Let k(c) = c**3 + 779*c**2 - 47*c + 571714. Determine k(-780).
-26
Let l(b) = -4420*b + 167932. Give l(38).
-28
Let u(l) = -l**3 - 26*l**2 - 163*l - 3447. Give u(-25).
3
Let v(r) = 17*r**2 - 1479*r + 365. Give v(87).
365
Let l(q) = q**3 + 31*q**2 + 137*q - 79. Give l(-7).
138
Let w(t) = 134955*t + 809738. What is w(-6)?
8
Let a(r) = -7*r**3 - 117*r**2 + 4*r - 17. Calculate a(-16).
-1361
Let z(q) = -q**3 - 312*q**2 - 1558*q - 486080. Determine z(-312).
16
Let o(p) = 1456*p - 96002. Determine o(66).
94
Let x(q) = -1080*q**2 - 200*q - 196. Calculate x(-1).
-1076
Let l(p) = -p**2 - 4025*p + 32081. What is l(8)?
-183
Let b(j) = 3*j**3 + 527*j**2 + 337*j - 2451. Determine b(-175).
-176
Let n(g) = 4149*g - 120325. What is n(29)?
-4
Let u(b) = -3*b**3 - 223*b**2 - 1580*b + 103. What is u(-8)?
7
Let g(v) = 6*v**2 - 220*v - 1037. What is g(41)?
29
Let p(b) = 151*b**2 - 4*b + 165. Give p(-6).
5625
Let w(f) = 646*f + 4957. What is w(-9)?
-857
Let b(n) = 28010*n + 8879167. What is b(-317)?
-3
Let v(c) = 4*c**2 + 8307*c - 2337067. Calculate v(251).
-6
Let k(o) = -4*o**2 - 967*o + 1934. What is k(2)?
-16
Let f(h) = 59*h + 3343. Determine f(-60).
-197
Let x(f) = 66234*f + 595515. Give x(-9).
-591
Let y(q) = -q**3 + 669*q**2 + 3373*q - 46. Give y(-5).
-61
Let d(v) = -10*v**2 - 146*v - 104. Give d(-20).
-1184
Let x(i) = 1151*i**2 + 95541*i + 690. Determine x(-83).
26
Let c(z) = -z**2 + 129*z - 2279. What is c(75)?
1771
Let w(v) = -v**3 - 35*v**2 - 9656*v - 140342. Calculate w(-15).
-2
Let f(v) = -2*v**2 + 214*v - 5304. What is f(40)?
56
Let i(z) = -5*z**2 + 300*z + 345. Calculate i(61).
40
Let r(b) = b**3 + 55*b**2 + 26*b + 674. Determine r(-55).
-756
Let h(m) = 2*m**3 + 23*m**2 - 2*m + 2942. Calculate h(0).
2942
Let o(g) = -g**3 - 37*g**2 + 837*g + 30348. Determine o(-37).
-621
Let h(z) = 26*z**3 - 121*z**2 + 72*z - 19. Determine h(4).
-3
Let g(q) = -q**2 - 22524*q + 225273. Calculate g(10).
-67
Let m(l) = l**3 + 149*l**2 - 142*l + 2215. Give m(-150).
1015
Let z(x) = 286131*x + 858390. Determine z(-3).
-3
Let f(y) = -y**3 - 5*y**2 + 70*y - 24. Give f(10).
-824
Let m(i) = i**3 + 109*i**2 - 266*i - 51356. Determine m(-107).
4
Let t(b) = -324036*b**2 - 324038*b + 6. Calculate t(-1).
8
Let v(b) = -3*b**3 + 34*b**2 - 25*b - 2. Calculate v(1).
4
Let j(m) = 1242*m + 1725134. Determine j(-1389).
-4
Let c(h) = -84*h**2 + 11424*h - 12. What is c(0)?
-12
Let o(s) = -s**3 - 34*s**2 + 25*s - 1478. What is o(-35)?
-1128
Let h(g) = -g**2 + 881*g + 4413. Determine h(-5).
-17
Let v(i) = -79*i + 810. What is v(-13)?
1837
Let u(s) = -2609*s + 1753234. Determine u(672).
-14
Let w(p) = -12*p**2 + 1392*p + 2758. Give w(118).
-74
Let q(i) = -735*i + 54377. Give q(74).
-13
Let u(g) = g**3 + 426*g**2 + 1922*g + 98754. Calculate u(-422).
6
Let y(b) = -473*b + 3270. What is y(4)?
1378
Let m(w) = w**2 + 2672*w + 92301. What is m(-35)?
6
Let b(n) = -384*n + 34452. What is b(93)?
-1260
Let s(u) = -2*u**2 + 5193*u + 152276. Calculate s(-29).
-3
Let n(w) = -65*w**2 + 740*w - 182. Calculate n(11).
93
Let z(k) = 5075*k - 35522. What is z(7)?
3
Let y(a) = a**3 + 47*a**2 + 7141*a + 250541. Determine y(-37).
14
Let h(x) = 29*x**2 + 1586*x + 17945. Determine h(-16).
-7
Let y(d) = 116*d + 2618. Calculate y(-14).
994
Let d(a) = -370*a + 7065. Give d(25).
-2185
Let q(u) = -32*u**2 - 7428*u - 29206. Calculate q(-4).
-6
Let a(x) = 2*x**3 + 178*x**2 - 1142*x - 158. Determine a(-95).
32
Let i(z) = 20660*z - 1528854. What is i(74)?
-14
Let l(z) = -20*z**3 - 133*z**2 + 155*z + 1392. Determine l(-6).
-6
Let u(a) = 17*a**2 + 15067*a - 214273. Determine u(14).
-3
Let m(b) = 3042*b + 52707. Give m(-17).
993
Let v(u) = u**3 - 240*u**2 + 4903*u + 2053. Calculate v(23).
29
Let t(o) = o**2 + 185*o - 10698. Give t(46).
-72
Let t(y) = 2*y**3 + 106*y**2 - 785*y + 492. Determine t(6).
30
Let s(u) = -3*u**3 + 411*u**2 - 1979*u - 107. What is s(132)?
25
Let l(x) = -238*x**3 + 705*x**2 + 2*x - 4. What is l(3)?
-79
Let v(j) = 133*j**2 - 101*j - 202. What is v(-2)?
532
Let w(c) = -60*c - 827. Give w(-19).
313
Let f(i) = -437*i**2 - 203*i + 596. Give f(1).
-44
Let l(o) = -937128*o + 17805431. Determine l(19).
-1
Let i(x) = 2*x**3 + 19*x**2 + 81*x + 842. Give i(-13).
-1394
Let n(t) = 3*t**2 - 160*t - 6388. Give n(-28).
444
Let n(o) = -3*o**3 + 95*o**2 + 201*o + 4. What is n(-2)?
6
Let m(t) = 2*t**2 - 17156*t + 325235. Determine m(19).
-7
Let l(d) = 518*d - 14526. Give l(29).
496
Let b(i) = -i**3 + 37*i**2 + 2740*i - 193. Calculate b(74).
-45
Let n(o) = -o**3 - 449*o**2 + 33995*o + 2573. Calculate n(-515).
-2
Let p(r) = -4052*r - 40108. What is p(-10)?
412
Let g(u) = -1951*u - 21576. Determine g(-11).
-115
Let p(w) = 51578*w + 2733645. What is p(-53)?
11
Let n(k) = 2*k**2 + 23647*k + 637010. Calculate n(-27).
-1
Let t(f) = -515*f**2 + 27805*f + 282. Give t(54).
12
Let q(v) = -29*v**2 + 85313*v - 510849. Give q(6).
-15
Let a(p) = -28982*p - 1912777. What is a(-66)?
35
Let p(x) = 6*x**3 - 27*x**2 - 97*x - 75. Give p(-2).
-37
Let w(h) = 309*h**2 - 5*h + 54. Calculate w(0).
54
Let u(t) = -38*t**3 + 8*t**2 - 128*t + 120. Calculate u(1).
-38
Let h(y) = -1281*y + 8291. Calculate h(10).
-4519
Let z(p) = 9*p**2 + 1126*p + 29379. Calculate z(-88).
-13
Let i(s) = -2*s**3 - 43*s**2 + 14*s + 315. Determine i(-21).
-420
Let n(t) = 2*t**3 + 39*t**2 + 419*t + 4918. Calculate n(-16).
6
Let f(u) = 3*u**2 + 496*u - 14981. What is f(-192)?
379
Let z(w) = -w**3 + 43*w**2 - 237*w - 518. Determine z(36).
22
Let a(i) = i**3 - 218*i**2 - 433*i - 1528. Determine a(220).
12
Let y(x) = 8*x**2 + 150*x + 514. Calculate y(-15).
64
Let k(b) = 2581*b - 2545. Calculate k(1).
36
Let a(y) = 150*y - 2825. Determine a(16).
-425
Let w(g) = -g**3 - 32*g**2 - 35*g - 2271. Calculate w(-33).
-27
Let m(w) = -w**2 - 16*w + 2732. Determine m(-62).
-120
Let r(z) = z**2 - 37*z - 44. Determine r(41).
120
Let f(j) = 432*j - 26126. Give f(61).
226
Let m(z) = 21*z**3 - 12*z**2 - 12*z - 4. Determine m(-4).
-1492
Let x(k) = -k**3 + 105*k**2 - 13*k - 15. Give x(0).
-15
Let g(t) = t**3 - 10*t**2 - 549*t - 106. Give g(29).
-48
Let f(s) = -s**2 + 100*s + 2268. Give f(124).
-708
Let n(q) = q**3 + 19*q**2 + 16*q + 657. What is n(-11)?
1449
Let o(z) = -89*z**2 + 736*z - 162. What is o(8)?
30
Let z(b) = -677*b - 6743. Calculate z(-10).
27
Let t(q) = -53*q**3 + 10*q**2 + 3*q + 2. Give t(-2).
460
Let s(i) = 24080*i + 2865532. Determine s(-119).
12
Let l(o) = -3*o**3 - 165*o**2 + 270*o + 5718. Calculate l(-56).
6
Let d(x) = 1700*x**2 + 69711*x + 406. Give d(-41).
-45
Let i(x) = -1800*x + 52194. Give i(29).
-6
Let z(v) = -118*v**3 + 3544*v**2 - 57*v - 99. W